 and v?
26
Suppose -214*w - 1326 = -227*w. What is the highest common divisor of 34 and w?
34
Let a = -1410 - -1466. Calculate the highest common divisor of 104 and a.
8
Let d(l) = 148*l**2 + 4*l - 5. Let q be d(2). What is the highest common divisor of 35 and q?
35
Suppose -5*y - 5 = 15, 2*k = 2*y + 24. Suppose -3*c + 75 - 3 = 0. Calculate the highest common factor of c and k.
8
Let j be (-1)/3 - (-785)/15. What is the greatest common factor of j and 4?
4
Suppose -151*f - 376 = -152*f. What is the greatest common factor of f and 8?
8
Let o = 42 - -86. What is the highest common divisor of 80 and o?
16
Let d(b) = -53*b - 106. Let a be d(-4). What is the highest common factor of a and 265?
53
Let a be 1 - -94 - (3 + -3). Let w = -4733 - -4771. Calculate the highest common divisor of a and w.
19
Suppose -r - a - 4*a = -3, 5*r - 36 = -4*a. Suppose -r*w + 5*w = -129. Calculate the highest common divisor of 473 and w.
43
Suppose -4*m + 5 = k - 2, -m - 3*k - 12 = 0. Suppose m*p = -3*p + 36. Calculate the greatest common factor of p and 15.
3
Let w = -765 + 4288. Calculate the greatest common divisor of w and 13.
13
Let m be 2/(-24)*-142 - 39/(-234). What is the greatest common factor of 156 and m?
12
Let i be -28*(-15)/20 + 5. What is the highest common divisor of i and 26?
26
Let a be 138/(-4)*2800/(-75). Calculate the greatest common divisor of 56 and a.
56
Let a be (8 - -2) + 1 + -1 + -1. Suppose 0 = -5*w - a + 119. Let n = 144 + -100. Calculate the greatest common divisor of n and w.
22
Suppose -2*y + 106 = 5*w, 5*y - 6 = w - 38. Let z(x) = 2*x**3 - 97*x**2 + 140*x + 91. Let i be z(47). What is the highest common factor of w and i?
22
Let i = -8 - 1. Let j be 14 + i + -1 + -1. Suppose 0 = -c - j*c + 5*f + 57, c + 5*f = 8. Calculate the highest common divisor of 52 and c.
13
Let q(g) = 2*g**2 - 22*g - 3. Let l be q(-4). Calculate the greatest common factor of l and 390.
39
Suppose -3*g - 3*y = -45, 4*g - g - 2*y = 30. What is the highest common divisor of 6 and g?
6
Let y(h) = -h**3 + h + 2. Let s be y(-3). Let c = s - 20. What is the greatest common divisor of 15 and c?
3
Suppose 4*x + x = 0. Suppose -o + 5*o = x. Suppose o = -4*t - 0*t + 104. Calculate the highest common factor of 13 and t.
13
Let s be (16/4)/((-4)/10). Let d = s + 14. Suppose 0 = -d*j + 16 + 20. What is the highest common factor of 27 and j?
9
Let q = 581 + -569. Calculate the highest common factor of q and 8.
4
Suppose 2*b - 32 = 58. Suppose 0 = 7*m - 2*m - b. Calculate the highest common factor of m and 54.
9
Let r be (-4 - 172/20)/(2/(-30)). Suppose -10*u + r = -21. Calculate the highest common factor of 147 and u.
21
Suppose 3*u - 370 = -2*l - 3*l, 370 = 5*l - 4*u. What is the greatest common divisor of 4 and l?
2
Let x = 21 + 47. What is the highest common divisor of 4 and x?
4
Suppose 0 = -5*p - 119*u + 123*u + 967, 3*p - 3*u - 579 = 0. Suppose 27 = g - 12. Calculate the highest common factor of p and g.
39
Let o be 288/16 - 16 - 1*-929. What is the highest common divisor of o and 49?
49
Let c be (6/12)/((-2)/(-12)). Suppose -f = c*f + 4*w - 84, 4 = -2*w. Calculate the greatest common divisor of f and 46.
23
Suppose -t - 2*t = 120. Let v be (15/(-2))/(30/t). Calculate the highest common factor of 60 and v.
10
Let z(y) = -10*y + 1. Let u be z(-1). Suppose -2*b - 22 = 3*i, -2*b = i + 21 - 7. Let m be -4*(25/i - 2). Calculate the highest common factor of u and m.
11
Let y(i) = -3*i + 54. Let s be y(19). Let t be -15*(0 + s/((-30)/(-4))). Calculate the highest common factor of 9 and t.
3
Let q be (376/235)/(1/5). Calculate the greatest common divisor of q and 424.
8
Suppose -3*g + 33*j - 32*j = -507, 0 = 5*g - 5*j - 855. What is the greatest common divisor of g and 60?
12
Suppose 0 = -7*v + 11 + 52. Suppose 0 = -v*t + 466 - 178. What is the greatest common factor of 8 and t?
8
Let n(m) = -2*m - 24. Let v be n(-15). Suppose 16 = b - 5*x, v*b - 2*b - 4*x = 64. What is the greatest common factor of 24 and b?
8
Let y(f) = -7*f - 8*f**2 + 6 + 13*f**2 - 3*f**2. Let l be y(4). Let z be (-2)/(-3)*645/l. What is the greatest common divisor of z and 86?
43
Suppose 0 = -4*g - 4*l - 616, -3*g - 7*l = -2*l + 464. Let r = -61 - g. Let u = 183 - r. What is the greatest common divisor of 13 and u?
13
Let a = 83 + -47. What is the highest common divisor of 42 and a?
6
Suppose 4*f - 9076 = -74*j + 72*j, 5*f - 11348 = -4*j. What is the greatest common divisor of 28 and f?
28
Suppose -4*q - h = -324, 0 = 5*q - 4*h + 68 - 452. Calculate the highest common divisor of 48 and q.
16
Let s = 22 + 0. Let p = s + -110. Let o be 106/22 - 16/p. Calculate the greatest common factor of o and 5.
5
Let x(p) = -p**3 - p**2 + 5*p + 2. Let a be x(-3). Suppose -1 = a*y - 46. Suppose 2*b - 7*b = -90. Calculate the highest common divisor of b and y.
9
Suppose -2*r - 3*s + 24 = r, -5*s = 0. Let m be (0 - 1) + r/2. What is the greatest common factor of 6 and m?
3
Let t = -2061 - -2121. What is the highest common divisor of t and 24?
12
Let k(r) = -2*r**2 + 79*r - 40. Let g be k(35). Calculate the greatest common factor of 33 and g.
11
Let m = -161 - -230. Suppose 9*g - m = 102. Calculate the highest common factor of g and 38.
19
Suppose -3*o = 2*m - 67, 2*m = -5*o - 2*m + 113. What is the greatest common divisor of 3 and o?
3
Let f(r) = -r**2 + 5*r + 5. Let v be f(5). Suppose 0 = j - v*d - 6, 0*d + 2*d = 4. What is the greatest common divisor of 64 and j?
16
Suppose -2*t + 5*t - 12 = 0. Suppose 0 = t*c + 24 - 4, c - 171 = -4*h. Suppose -5*i + 7*i - 8 = 0. Calculate the highest common factor of i and h.
4
Let f(q) be the third derivative of -1/4*q**4 - 5*q**2 + 0 - 3/2*q**3 + 0*q + 1/60*q**5. Let o be f(8). Calculate the highest common factor of 49 and o.
7
Let a = 71 + 72. Let t(b) = b**2 - 8*b + 4. Let r be t(7). Let n be -3 + (-1 - r) - -14. What is the highest common factor of n and a?
13
Let n(l) = -l**3 - 4*l**2 - 6*l + 2. Let o be n(-3). Suppose 3*z + v = 363, 121 = z - 2*v + 5*v. What is the greatest common divisor of z and o?
11
Let k be ((-353)/(-66) - 10/55)*6. Calculate the highest common factor of 31 and k.
31
Let x(c) = 10*c**2 + 46*c + 3. Let h be x(-5). What is the highest common divisor of h and 161?
23
Suppose 3*a + 4*f - 236 = 5*f, 4*a = -2*f + 328. What is the greatest common divisor of 16 and a?
16
Suppose 568 = 5*h - 872. Calculate the greatest common factor of 18 and h.
18
Let c be ((-4)/(-13))/2 - (-1627)/(-13). Let g = c - -251. What is the greatest common divisor of 18 and g?
18
Let n be 190/4*(-11)/(99/(-18)). Calculate the greatest common divisor of n and 19.
19
Let v(k) = 238*k**2 + 4*k - 2. Let u be v(1). What is the highest common divisor of u and 264?
24
Let s be -21*25/5*(-4)/30. Let f be (s/(-5))/(82/(-615)). Calculate the greatest common divisor of 336 and f.
21
Let d = -73 + 83. What is the greatest common divisor of 430 and d?
10
Let d(q) = 18*q + 470. Let x be d(0). Calculate the greatest common factor of 70 and x.
10
Suppose -4*n = 2*v + 3*v - 130, -2*n + 58 = -v. What is the highest common divisor of 195 and n?
15
Suppose k - 8 + 7 = 0. Let v be k*1/(-7) - (-7568)/56. Calculate the greatest common divisor of v and 27.
27
Let l be 33/297 - 2698/(-18). Let j(c) = c**2 + c. Let q be j(5). Calculate the highest common factor of l and q.
30
Let j be (-6)/4*2 + 7. Suppose 5*b = 3*x + 65, 0*x + 85 = 5*b + x. Calculate the highest common divisor of j and b.
4
Let o = -273 - -308. What is the greatest common factor of 14 and o?
7
Let y be ((-120)/(-9))/5*462/44. Calculate the highest common divisor of 98 and y.
14
Let s(c) = c**3 - 11*c**2 + 26*c + 12. Let v be s(9). Calculate the highest common divisor of 2688 and v.
84
Suppose -t + 3*z = -9 - 11, 0 = 5*t - 2*z - 100. Calculate the greatest common divisor of t and 1400.
20
Let i be (-2 - 14/8)/((-12)/48). What is the greatest common factor of i and 12?
3
Let w(q) = -q + 12. Let i be w(7). Suppose t - 2*x = -2, -2*t - 4*x + i*x = -11. What is the highest common divisor of t and 72?
8
Let i = 129 + -27. What is the greatest common factor of 12 and i?
6
Let b be (-5*3)/((-1)/3). Suppose 0 = o + 5*d - 59, 195 = 5*o + 7*d - 2*d. Let j = -29 + o. What is the greatest common divisor of j and b?
5
Suppose 25 - 185 = -2*x. Calculate the gr